 of m**4/24 - 2*m**2. Let v be l(5). Suppose v = -2*q + 27. List the prime factors of q.
11
Let y = -18 + 10. What are the prime factors of -2 + 1 + 1 - y?
2
Let r(p) = 5*p**3. Suppose 5*d + 4*s + 5 = 0, 5*s = -11 - 14. Suppose -2 = d*k - 5. What are the prime factors of r(k)?
5
Let k = 11 - 43. Let o = k - -53. List the prime factors of o.
3, 7
Let w(q) = q**3 - 1 - 2*q - 2*q**3 + 2*q**3. Let k be w(-1). Suppose k = -y + 5*g + 33, 0 = 3*y - 8*y - 5*g + 45. What are the prime factors of y?
13
Suppose 3*q + 3*w = 7*q - 36, 0 = 4*q + w - 20. Let o be (-16)/(-10) - q/(-15). Suppose o*l - 10 = 4. List the prime factors of l.
7
Let s(p) = p**3 - 6*p**2 - 6*p - 3. Let r be s(7). Suppose r*i - 140 = -12. What are the prime factors of i?
2
Suppose -3*x = -172 + 25. What are the prime factors of x?
7
Let u = 602 - 401. What are the prime factors of u?
3, 67
Let m be -2*(76/8)/(-1). List the prime factors of 18/5*(m - 9).
2, 3
Suppose 4*s - 3*u - 153 = 0, -3*s - 121 = -6*s - 4*u. Suppose 3*r + 10 - s = -5*k, -r = 4*k - 19. Suppose -z = -r*z + 14. List the prime factors of z.
7
Suppose -3*g + 114 = -6*g. Let n = -10 - g. What are the prime factors of n?
2, 7
Let n(v) be the first derivative of v**7/168 + v**6/180 - v**4/24 + 2*v**3/3 + 2. Let g(i) be the third derivative of n(i). What are the prime factors of g(1)?
2, 3
Let n be (1/(-1))/((-2)/6). Suppose -n*s + 5*s - 22 = 0. What are the prime factors of s?
11
Suppose -3*r = -9, -d - 2*r - 38 = -3*d. What are the prime factors of d?
2, 11
Suppose 0*p = -2*p - 48. Let s = -29 + 65. Let u = p + s. What are the prime factors of u?
2, 3
Let s(c) be the third derivative of -c**5/60 + c**4/6 + 7*c**3/6 - 2*c**2. Let n be s(5). Suppose n*r - 4 = 2. What are the prime factors of r?
3
Let b be (3*(0 - -1))/1. Suppose 4*p - 4*t + 36 = 0, b*p - t + 2*t + 27 = 0. Let f = 18 + p. What are the prime factors of f?
3
Suppose 3*z = 6*z. Suppose -5*a - 38 = -4*b - z*a, 0 = -2*b - 3*a + 30. List the prime factors of b.
2, 3
Suppose 2*m - 1 + 3 = 2*j, -5*m - j = 5. Let n = m - -2. Let g(u) = 14*u**3. What are the prime factors of g(n)?
2, 7
Let j(u) = -u**2 - u + 1. Let a be j(2). Let p = 1 - a. What are the prime factors of p?
2, 3
Suppose 0 - 3 = 3*j, -q + j = -23. What are the prime factors of q?
2, 11
Let d(j) = -8*j**3 - 2*j**2 + 2*j + 2. What are the prime factors of d(-2)?
2, 3
Let q be (-4)/16 + (-27)/4. Let m = -5 - q. Suppose a + 5*t = -3, -m*a + 11 + 19 = -2*t. What are the prime factors of a?
2, 3
Let v(q) = -q**2 - 6*q - 4. Let g be v(-3). Suppose -g*i + 4*i = -72. Suppose -4*c = -5*l - i, 0 = 5*c - 2*l - 0*l - 73. What are the prime factors of c?
13
Let l = 1 - 2. Let x be 75/9*(l - 2). List the prime factors of (4/10)/((-5)/x).
2
Let u(a) = 5*a**2 - 8*a + 9. Let n(t) = -6*t**2 + 8*t - 10. Let x(i) = 3*n(i) + 4*u(i). List the prime factors of x(5).
2
Let j(p) = -3*p**2 + 1 + 1 - 1 + 3*p + 1 - 2*p**3. What are the prime factors of j(-3)?
2, 5
Let b be (-5 - 1)*(-1)/(-2). Let g(x) = 11*x - 6. Let i(a) = -7*a + 4. Let t(f) = 5*g(f) + 8*i(f). List the prime factors of t(b).
5
Let u = -65 - -181. Suppose -u = -3*d - 2. What are the prime factors of d?
2, 19
Let q(t) = -t**3 - 6*t**2 - 5*t + 9. What are the prime factors of q(-7)?
3, 31
Let d(v) = v**2 + 2*v - 6. Let s be d(4). Suppose -s = -2*t + 2. List the prime factors of t.
2, 5
What are the prime factors of (-5)/1*(-16 - -12)?
2, 5
Suppose 35 = n + 2*y, 6*y - 3*y = -5*n + 182. What are the prime factors of n?
37
Suppose -4*n - n - 15 = 0. Let g be n/(-12) - (-38)/8. Let f = g + -3. List the prime factors of f.
2
Let r(y) = y**3 + 21*y**2 - 6*y + 2. List the prime factors of r(-21).
2
Let t(f) be the first derivative of -3*f**2/2 - 6*f + 2. Let o be t(-9). Suppose 4*l - o = -3*p, 0 = 2*p + 5*l - 0 - 7. What are the prime factors of p?
11
Suppose -2 = z - t, -z - 14 = 2*z + 5*t. Let g be (-93)/(-9)*z/(-1). Suppose 2*m + 3*a = g, m + 5*a - 2*a - 20 = 0. What are the prime factors of m?
11
Suppose -3 - 3 = 2*d. Let x(l) = l**2 - 2*l + 4. List the prime factors of x(d).
19
Let t(c) = -c**3 + 2*c**2 + 3*c. Let i be t(3). Suppose i = -3*h + 16 + 47. List the prime factors of h.
3, 7
Let w = 118 - 62. What are the prime factors of w?
2, 7
Suppose -l = 4*l - n - 30, 4*n - 6 = -l. Suppose 0 = 5*i - 4 - l. What are the prime factors of 0 + 4 - 4/i?
2
Let y be (-20)/(-12) + 1/3. Suppose 8*n - 26 = 3*n - 4*g, -21 = -4*n - 3*g. Suppose -2*q = -y*l + 2*q - n, 2*l + q - 9 = 0. What are the prime factors of l?
3
Suppose 1 = -t + 10. Suppose 0*d = -3*d + t. Let y(f) = f**2 - 1. What are the prime factors of y(d)?
2
Suppose -3*j + 0*j = -99. List the prime factors of j.
3, 11
What are the prime factors of (-2 - 6)/((-9 + 5)/68)?
2, 17
Let a = -83 + 141. List the prime factors of a.
2, 29
Let g(l) = 2*l - 28. Let h(y) = y - 11. Let w(q) = -5*g(q) + 12*h(q). What are the prime factors of w(4)?
2
Suppose 5*l + 2*y = -20, 0 = l - 2*l + 5*y + 23. Let k be l/7 - (-88)/14. Suppose -2*t = d - 11, k*t - t - 31 = d. What are the prime factors of t?
2, 3
Let y = -9 - -32. List the prime factors of y.
23
Suppose -4*d = -3*x - 192, 4*d + x - 172 = -x. List the prime factors of d.
3, 5
Let w = -6 - -23. List the prime factors of w.
17
Let c = -56 + 79. List the prime factors of c.
23
Suppose 4 = 2*g - 2*u - 196, 204 = 2*g - u. List the prime factors of g.
2, 13
Suppose -l = -3*l - 18. Let n = 8 - l. List the prime factors of n.
17
Suppose -3*w + w = -220. List the prime factors of w.
2, 5, 11
Suppose -8*m + 340 = -4*m. What are the prime factors of 5202/m - 1/5?
61
Let b(c) = c**3 - 4*c**2 + c + 3. Let a be b(3). Let d = 2 + -1. Let s = d - a. What are the prime factors of s?
2
Let i = -7 - -23. Let l be 1/2*(7 - 1). Suppose 4*o - i = 0, 4*h + 0*o = l*o. List the prime factors of h.
3
Let r be -5*4/(40/(-6)). Let m(d) = -4 + 2*d - r*d + 6*d. List the prime factors of m(3).
11
Let c(y) = -y**3 + 6*y**2 - 4*y + 3. Let x be c(5). What are the prime factors of (x/6)/(10/150)?
2, 5
Suppose 7*d = 3*d + 4. What are the prime factors of 1/2*d*24?
2, 3
Suppose 0 = -7*l + 3*l + 16. Suppose -l*u = 9 - 41. What are the prime factors of u?
2
Suppose -3*d + 19 = -38. Suppose -5*b - 4 = -d. List the prime factors of b.
3
Let s(p) = -p**3 + 9*p**2 - 3*p. What are the prime factors of s(7)?
7, 11
Suppose 131 = 3*u + o + o, 0 = -5*u - 5*o + 220. What are the prime factors of u?
43
Let q(c) = c + 1. Let y be q(3). Let j = y - -1. What are the prime factors of j?
5
Let c(g) = g**3 + 8*g**2 + 10*g + 5. Let b be c(-7). Let o = 6 - b. What are the prime factors of o?
2, 11
Suppose -5*k - 155 = -5*s, s + 2*s + 5*k - 117 = 0. What are the prime factors of s?
2, 17
What are the prime factors of 44400/220 - 4/(-22)?
2, 101
Let w(m) = m**3 - 7*m**2 + 3*m - 7. Let t(b) = 3*b**2 + 2*b - 1. Let v be t(-2). What are the prime factors of w(v)?
2, 7
Let l(d) = -d**3 - 7*d**2 + 6. Let q = 57 - 41. Suppose -4*w - 3*m = q, -5*m + 0*m = 2*w - 6. List the prime factors of l(w).
2, 3
Let w = -5 + 11. List the prime factors of w.
2, 3
Let b = -2 - -7. Let s(m) = m**3 - 3*m**2 - 6*m + 6. List the prime factors of s(b).
2, 13
Suppose m + 0*m - 1 = 0. Let g(l) = 16*l**2 + 28*l - 15*l - 1 - 13*l. What are the prime factors of g(m)?
3, 5
Suppose -2*r + 273 = -3*t, -t = -2*r - 3*t + 268. Suppose -v - f = -6*v + 168, 4*v - f - r = 0. What are the prime factors of v?
3, 11
Suppose 0*a + 43 = -a. Let x = -25 - a. What are the prime factors of x?
2, 3
Suppose -6*n + 15 = -n. List the prime factors of -2 - (2 - (n + 12)).
11
What are the prime factors of 8/(-12) + (-196)/(-6)?
2
Let r(x) = -x**2 - 11*x - 7. Let v be r(-13). Let j = -25 - v. What are the prime factors of j?
2
Let j(v) = 6*v + 81. What are the prime factors of j(0)?
3
Let m = -5 - -10. Suppose m*g = 4*b - 81 - 23, -2*b - g + 38 = 0. List the prime factors of b.
3, 7
Let n = -73 + 136. Suppose n = 3*p - 3*t, t - 11 = -p - 0*t. List the prime factors of p.
2
Suppose 5*z - 2*q + 1 = 3, -2*z = -q. Let v = z + -2. Suppose 4*n - 48 = -v*n. What are the prime factors of n?
2, 3
Suppose 2*s + s = 4*r - 13, -s - 11 = -3*r. Let w be (3 + 4 + s)*1. Suppose 3*y = 5*x + 38, -2*x - 24 = -w*y + 6*y. What are the prime factors of y?
11
Suppose 0 = -2*b, 0*f = -f - 2*b + 60. What are the p